inder when 39 is divided by 1 + -9*(1 + x).
9
Suppose 4*u - 102 = 82. What is the remainder when u is divided by 12?
10
Let g = 27 + 41. What is the remainder when g is divided by 14?
12
Let p = -119 + 184. What is the remainder when p is divided by 33?
32
Let q(n) be the first derivative of n**4/4 + 7*n**3/3 - 4*n**2 + 2*n - 13. Let a = -16 - -9. Calculate the remainder when q(a) is divided by 20.
18
Suppose -87 = -y + b, -2*y + 5*y = 4*b + 263. Calculate the remainder when y is divided by 15.
10
Suppose -2*t + 0*j - 3*j = -31, 2*j - 82 = -4*t. What is the remainder when t is divided by 6?
5
Suppose -3*c + 5 = -34. Suppose 2*t + c = 53. What is the remainder when 37 is divided by t?
17
Suppose -b = -5*s - 13, 5*b - 19 = -s + 20. Let r = -16 + -3. Let x = -5 - r. What is the remainder when x is divided by b?
6
Suppose 210 = 3*z - 4*u, -333 = -4*z - 3*u - 28. What is the remainder when z is divided by 27?
20
Let a(k) = k**2 + 5*k - 3. Let m be a(-6). Let c(r) = r**3 + 3*r**2 + 6*r**2 - 1 - 8*r**2. What is the remainder when c(m) is divided by 12?
11
Suppose 2*h - 7*h + 155 = 0. Let k = -214 + 304. Calculate the remainder when k is divided by h.
28
Let t(p) = -p**2 + 10*p - 9. Let y = -87 + 131. What is the remainder when y is divided by t(6)?
14
Suppose 5*c = -14 + 4. Let i(r) = -3*r + 1. Let o = 7 + 12. What is the remainder when o is divided by i(c)?
5
Suppose -3*k - 33 = 12. Let u = -8 + k. Let j = 39 + u. Calculate the remainder when j is divided by 6.
4
Let m = -6 + 29. Calculate the remainder when ((-2)/(-3))/((-1)/(-66)) is divided by m.
21
Let z be (-9)/(-7) + 12/(-42). What is the remainder when 3/15 + (-114)/(-5) is divided by (z - 17)*(-21)/28?
11
Let a(q) = -5*q**3 + 2*q**2 + q. Calculate the remainder when a(-1) is divided by 1.
0
Let w = 37 - 53. Let h = -1 - w. Calculate the remainder when h is divided by 8.
7
Calculate the remainder when (0 - -1)*(17 + -15) is divided by 2.
0
Suppose -2*b = -b - f - 3, -27 = -5*b - f. Let w = b - -4. What is the remainder when w is divided by 3?
0
Let l be ((-18)/2)/(6/18). What is the remainder when 10 is divided by 1*3*(-36)/l?
2
Suppose 2*g - 52 = 8. Calculate the remainder when g is divided by 16.
14
Let i be (35/(-42))/((-1)/6). Suppose -48 = -i*h + k, -k = 4*h + 3*k - 24. What is the remainder when 13 is divided by h?
4
Let d(v) = -v**2 - 13*v + 12. Let y be d(8). What is the remainder when 31 is divided by y/(-10) + (-4)/(-10)?
15
Suppose -v + 10*v - 45 = 0. Calculate the remainder when 10 is divided by v.
0
Suppose 21 = 3*v + 5*a - 22, -3*v + 13 = -a. Let x(c) = c - 1. Calculate the remainder when v is divided by x(3).
0
Let m(w) = 7*w - 5. Let u be m(-3). Let i = 69 + u. Calculate the remainder when i is divided by 11.
10
Let w(k) = -k**2 + 4*k - 2. Let b be w(5). Let f = b - -24. What is the remainder when 48 is divided by f?
14
Calculate the remainder when -2 + 0 + 7/(14/48) is divided by 12.
10
Suppose -15*v = -6*v - 144. Calculate the remainder when 60 is divided by v.
12
Suppose 0 = 2*w + 4*c - 88, 3*w - 5*c - 265 = -2*w. What is the remainder when w is divided by 13?
11
Let t(m) be the first derivative of m**4/4 + 7*m**3/3 - 5*m**2 + 6*m + 10. What is the remainder when t(-8) is divided by 5?
2
Let d(j) = -4*j**2 - 10*j + 10. Let g be d(-8). Suppose -q - 4*q = 30. What is the remainder when (-8)/12 + g/q is divided by 14?
13
Calculate the remainder when 36 is divided by (1/1)/((-4)/(-52)).
10
Let i(t) = t**3 - 6*t**2 - 5*t. What is the remainder when 26 is divided by i(7)?
12
Let o = 77 + -52. Let k = 13 + -5. Let b(c) = 4*c - 19. Calculate the remainder when o is divided by b(k).
12
Let l be 4/(-12)*(-1 + 1). Suppose -4*v + 2 + 38 = l. Calculate the remainder when 29 is divided by v.
9
Suppose d = 2*p + 26, 3*d - 2*p - 94 = -0*p. Let f(x) = -x**2 + 17*x - 7. What is the remainder when d is divided by f(16)?
7
Let u = -17 - -57. What is the remainder when u is divided by 14?
12
Suppose -l + 76 = 21. What is the remainder when l is divided by 14?
13
Suppose 3*j = -4*a + 241, -j - 280 = -5*j + 5*a. What is the remainder when j is divided by 39?
36
Let j(k) = -k**3 - 3. Let y be j(3). Let h = y + 70. Calculate the remainder when h is divided by 14.
12
Suppose 0 = 5*s - 2*p - 20, -2*s + p - 3 = -10. What is the remainder when 117 is divided by s?
3
What is the remainder when 90 is divided by 19 + (-16)/(8/(-2))?
21
Suppose 6*x - 60 = x. Suppose -2*n - 360 = 4*l, -5*l - 5*n + 106 - 556 = 0. Let f = l + 137. Calculate the remainder when f is divided by x.
11
Let a(k) be the third derivative of k**5/3 + k**4/24 + k**3/3 - 4*k**2. Calculate the remainder when a(-1) is divided by 11.
10
Let p(m) = m + 7. Let h be p(-5). Suppose -8 = h*v - d + 5*d, 2*v = -3*d - 5. Let x = 12 + -7. What is the remainder when x is divided by v?
1
Suppose 5*c = s - 7 - 2, 0 = 2*s + 5*c - 18. Suppose 64 = 6*f - 2*f. What is the remainder when f is divided by s?
7
Suppose 5*z + 499 - 119 = 3*f, 4*f = -4*z + 464. What is the remainder when f is divided by 11?
10
Suppose 0 = -0*f + f - 26. Let c be 81/(-15) - 3/5. Let r(g) = -4*g - 15. What is the remainder when f is divided by r(c)?
8
Let b = -10 - 4. Let m be (2 + 2/4)*10. Let x = b + m. What is the remainder when 20 is divided by x?
9
Suppose 31 = 4*q + 5*n, -2*q + 3*n + 43 = -0*n. What is the remainder when q is divided by 5?
4
Suppose 0 = 2*o + 4*y - 14, -o - 2 = -4*y - 9. Let z = 43 + o. Suppose 2*b - 3*h = -0*b + 20, 0 = -b + 3*h + 7. What is the remainder when z is divided by b?
11
Let w be -4 + (-3)/(12/(-20)). Suppose -4*y + w + 3 = 0. What is the remainder when 4 is divided by y?
0
Let u = 169 + -153. What is the remainder when 57 is divided by u?
9
Suppose -4*b + 823 = -37. What is the remainder when b is divided by 24?
23
Let u(d) = 5*d**2 - 53*d + 35. Let y(k) = k**2 - 13*k + 9. Let o(p) = 2*u(p) - 9*y(p). Calculate the remainder when 3 is divided by o(-12).
0
Let p(q) be the first derivative of -q**2/2 + 13*q + 5. What is the remainder when 18 is divided by p(8)?
3
Let u = 71 - 56. What is the remainder when -59*((-4)/(-2) + -3) is divided by u?
14
Suppose -2*h + 58 = 4*k - 48, k - 3*h = 30. Let o = 85 + -75. Calculate the remainder when k is divided by o.
7
Let a(u) = 6*u**2 + 15*u + 6. Calculate the remainder when 122 is divided by a(-4).
38
Suppose 80 = 4*z + 4*r, 5*z + 3*r + 0*r = 90. What is the remainder when z is divided by 8?
7
Let c(y) be the third derivative of y**5/60 + 11*y**3/6 - y**2. Calculate the remainder when 21 is divided by c(0).
10
Suppose 4*o + 3*h - 139 = 0, 4*o - 133 = 6*h - 3*h. What is the remainder when o is divided by 6?
4
Suppose 6 = -2*r, -r - 12 = 3*p + 3. What is the remainder when 51 is divided by ((-156)/9)/p*3?
12
Let m = 31 + -16. Suppose -3*z = 3*y - m, 2*z + 3*z - 17 = 3*y. Let g(v) = 10*v - 1. Calculate the remainder when 16 is divided by g(y).
7
Let g = 11 - 7. Let j be (-54)/g*(-42)/(-9). Calculate the remainder when 2/(-3)*j/3 is divided by 5.
4
Let y = -95 - -97. Calculate the remainder when 8 is divided by y.
0
Let o = 35 - 19. Calculate the remainder when 60 is divided by o.
12
Suppose -5*k = -3*s - 249, 2*k + 3*s - 110 = -s. Suppose 0 = 4*n - k - 37. What is the remainder when n is divided by 8?
6
Let l = -19 - -35. Calculate the remainder when 29 is divided by l.
13
Let v(t) = t**3 + 8*t**2 + 3*t + 4. What is the remainder when v(-7) is divided by 11?
10
Let x(z) = -z**3 - 5*z**2 + 12*z - 9. What is the remainder when 24 is divided by x(-7)?
4
Let z = -7 + 13. Let w = z - -28. What is the remainder when w is divided by 9?
7
Let r(i) = 3*i - 8. Let h be r(7). Suppose -4*g - 5*v = h, -4*v = g + 25 - 8. What is the remainder when 7 is divided by g?
1
Calculate the remainder when 4 + -5 + 3 + 86 is divided by 30.
28
Suppose -2*o - o + 249 = 0. Suppose 2*z - o = 51. Suppose z = 5*t + 12. What is the remainder when t is divided by 3?
2
Suppose 3*c = -4*s + 440, s = -2*c + 3*s + 284. Suppose 19 = -5*w + c. What is the remainder when w is divided by 7?
4
Let k(a) = a + 7. Let s = 12 - 7. What is the remainder when 35 is divided by k(s)?
11
Let u(o) = -1 + 3 + 2 - o + 8*o. What is the remainder when u(3) is divided by 9?
7
Let u = 8 + -4. Let k(l) = -l**3 + 3*l**2 + 6*l - 6. Let c be k(u). Suppose 56 = -0*w